(-16)/(-10))/((-84)/(-420)). Suppose -3*h = -k*h + 3*x - 31, h = -x - 3. Let n(b) = b - 11. Calculate n(h).
-16
Let g(s) = 3*s**2 - 4*s. Let i be (6/4)/((-2 + 3)/138). Let v = 211 - i. What is g(v)?
32
Suppose k + 21 = 4*c, -9 = 5*c - 3*k - 37. Let a(z) be the first derivative of -z**4/2 + 10*z**3/3 + z**2/2 - 8021. What is a(c)?
5
Let y(i) = -10*i**2 + 9*i + 10 + 7 + 11*i**2 - 12. Let f be 4/34 - 0 - 728/119. Give y(f).
-13
Suppose 2*z + 0*n = -3*n - 4, -5*z + 5*n - 10 = 0. Let a(s) = s**3 - 3*s**2 - 8*s - 80. Let r(j) = j**2 + j + 19. Let f(p) = a(p) + 4*r(p). Give f(z).
0
Let r(n) = -19*n**2 - 41*n + 903. Let y(u) = 73*u**2 + 164*u - 3614. Let l(b) = -23*r(b) - 6*y(b). Determine l(16).
3
Let p(v) be the second derivative of -v**5/20 - v**4/4 - 2*v**3/3 - v. Suppose -1440 = 310*u - 510. Calculate p(u).
12
Let x(a) = -12*a + 54. Let v be x(4). Let t(b) = -b**3 + 9*b**2 - 19*b - 2. Give t(v).
-8
Suppose s - 10*s = -72. Let q(f) = 2*f**2 - 71 - 28*f + 47*f - 28*f - f**2 + 79. Give q(s).
0
Let t = 4078 - 4070. Let v(i) = 1 - 22*i**2 + 3*i**3 + i + 14*i**2 - 2*i**3. Determine v(t).
9
Let y(l) = -16 + 2*l + 27 - 20 - 8*l. Let a(z) = -7*z - 13. Let c(m) = -2*a(m) + 3*y(m). Calculate c(-6).
23
Suppose -3*k - 144*l = -141*l - 12, 3*k = -4*l + 15. Let q(d) be the first derivative of 1/2*d**2 + 5*d - k. Determine q(-6).
-1
Suppose -8*a - 180 = -23*a. Suppose 0 = -16*z + a*z + 24. Let f(g) = -g**3 + 7*g**2 - 8*g + 2. What is f(z)?
-10
Suppose 156*n = 18*n + 581 + 1765. Let j(p) = -p**3 + 17*p**2 - 1. What is j(n)?
-1
Let h(w) = 2*w + 1. Let b be h(1). Let s(c) = 0 + 234*c**3 - 1 - 129*c**3 - 118*c**b. What is s(1)?
-14
Let q(s) = s - 6. Let k(i) = 13*i - 15 - 249*i**2 + 250*i**2 + 1. Suppose a + 12 = -l, -l = l - 4. Let f be k(a). What is q(f)?
-6
Let o(i) = -i + 11. Let n be o(12). Let j = 3 + 2. Let v(d) = j*d**2 - 14*d**2 + 3*d**2. Give v(n).
-6
Let m(b) be the first derivative of -1/20*b**5 + 1/6*b**3 - 22 + b**2 - 1/12*b**4 - 19*b. Let h(x) be the first derivative of m(x). Give h(0).
2
Suppose -3*r - l + 0*l + 7 = 0, -5*l - 41 = -4*r. Let w(a) be the first derivative of 1/3*a**3 + 15 + 2*a - 2*a**2. Calculate w(r).
2
Let r(d) = -2*d + 25. Let k be r(10). Suppose 6*w + k*w = 110. Let t(c) = -42*c**2 + 19*c**2 + 22*c**2 + w*c + 13. Determine t(11).
2
Let g(j) = 4*j. Suppose 5*q + 3*q = 160. Suppose 4*n + 7*z - 3*z - q = 0, 5*n = 4*z + 16. Suppose n*l + 4 = -4. Give g(l).
-8
Let t be (8/(-16))/((-4)/(-16)). Let l(f) = -5*f + 4. Let r(a) = 5*a - 5. Let i(z) = 4*l(z) + 3*r(z). Calculate i(t).
11
Let l(k) = k + 4. Let z(o) = o**3 + 10*o**2 + 11*o + 11. Suppose 5*v + 3 = -17. Let s be -1 - 8/(-4)*v. Let q be z(s). Calculate l(q).
-3
Let j(d) = 3*d**2 - d - 8. Let q(w) = -13*w**2 + 5*w + 34. Let u(z) = 9*j(z) + 2*q(z). What is u(-9)?
68
Suppose -21*o + 11 + 136 = 0. Let m(x) = -3*x + 5 - 13 + 0*x**3 + 7*x**2 - x**3 + 14 - 3*x. Give m(o).
-36
Let d(i) = -5*i - 1. Let q = -324 - -327. Suppose 2*m + 1 = -q. Calculate d(m).
9
Let j be ((-1)/2)/(2046/684 + -3). Let w = j + -55. Let s(h) = -5*h - w*h + 4*h - 1574 - 2*h**2 + 1571. Determine s(-3).
-12
Suppose 2*u = 18 - 16. Let z(l) = -1 - 3*l - u - 1. What is z(-1)?
0
Let i(o) be the second derivative of o**5/20 - o**4/2 - 7*o**3/6 + 3*o**2 + 33*o + 10. Determine i(6).
-36
Suppose -258*u + 264*u - 36 = 0. Let a(z) = 5*z - 14. Determine a(u).
16
Let c(g) = g**3 - 12*g**2 + 15*g - 47. Let x be c(11). Let n(k) = -15*k**2 + 24*k + 2. Let j(d) = 5*d**2 - 9*d - 1. Let f(v) = x*n(v) - 8*j(v). Determine f(-2).
22
Let u(l) = -l**2 + 86*l - 755. Let y be u(10). Let m(k) = -k**3 - k**2 + 29*k + 8. Give m(y).
3
Let o(h) = -7*h + 70. Let m be o(10). Suppose m = -i + 1 - 2. Let g(v) = v**2 + v + 1. Give g(i).
1
Let a(s) be the second derivative of s**4/4 + 13*s**3/3 + 2*s**2 - 50*s. Let l be a(-8). Let w(o) = o + 5. What is w(l)?
-7
Let x(a) be the third derivative of a**5/60 + 7*a**4/6 + 67*a**3/6 + 115*a**2 - 5. What is x(-25)?
-8
Let v(y) = 2*y. Let b = 107 + 73. Let j = 179 - b. Determine v(j).
-2
Let i(h) = -h**2 - 10*h - 8. Let f be i(-8). Let q(d) be the first derivative of d**2/2 - 11*d + 565. Calculate q(f).
-3
Let d(g) = 16*g**3 - 11*g**2 - 24*g + 99. Let b(u) = -3*u**3 + 2*u**2 + 5*u - 19. Let a(t) = -11*b(t) - 2*d(t). What is a(2)?
5
Let q(c) = c**3 + 3*c**2. Suppose 2*j + 2*j + 5*l = -4, -2*j - 5*l - 12 = 0. Suppose -16*u = -12*u - j. Suppose 17 = -8*k + u. Calculate q(k).
4
Let i be (-576)/(-22) - (1200/(-176) + 7). Suppose i - 74 = 8*u. Let y(f) = -f**2 - 7*f - 9. Give y(u).
-3
Let t(l) be the third derivative of l**5/60 - l**4/8 + 2662*l**2. Calculate t(2).
-2
Let b(j) be the first derivative of j**5/20 + 5*j**4/12 - 7*j**3/3 + j**2 - 31*j + 28. Let n(x) be the first derivative of b(x). Calculate n(-7).
2
Suppose 48*c + 97 = 399 - 158. Let q(j) = -1 + 0 + 2 - j. What is q(c)?
-2
Let p = 280 + -277. Let i(m) = -9*m**2 + 61*m**p - 195*m**3 - 7*m + 64*m**3 + 69*m**3 + 9. Calculate i(-8).
1
Let p(i) = 552*i + 291. Let u(n) = 319*n + 145. Let d(z) = -4*p(z) + 7*u(z). Give d(7).
26
Let u be (-11 - (-371)/35)/((-1)/(-30)). Let q(m) = 16*m + 208. Let x be q(u). Let k(v) = v - 14. Calculate k(x).
2
Let o(j) = 61 - 2*j - 6*j - 14*j - j**3 + 3*j - 17*j - 39*j**2. What is o(-38)?
-15
Let n(d) = -d**3 + 5*d**2 - 2*d - 2. Let y be (-4)/(-2) + 3*22/33. Calculate n(y).
6
Suppose -218 = -15*w - 158. Suppose 2*z + w*n = -3*z + 18, z - 5*n + 8 = 0. Let q(t) = -2*t**3 - t**2 - t - 1. Give q(z).
-23
Let y(h) = 3*h**3 + 23*h**2 - 8*h + 3. Suppose 639 = -80*q - 1. Calculate y(q).
3
Let r(s) = -s**3 - 7*s**2 + 6. Let t(c) = -13*c**2 - c**3 + 6 - c + 0*c**3 + 2*c**3. Let x(o) = -2*o - 25. Let g be x(-19). Let l be t(g). What is r(l)?
6
Let t(z) = z - 10. Let j(q) = 3*q - 8. Let m be j(4). Suppose -4 = -p - 2*n, 4*p - m*n - 36 + 8 = 0. What is t(p)?
-4
Let v be ((-42)/224*4)/(260/(-128) + 2). Let s(q) be the second derivative of 0 - 1/20*q**5 + 1/2*q**2 + 1/3*q**3 + 1/12*q**4 + v*q. Give s(2).
1
Let c = 19 + -25. Let v(b) = 2*b + 12. Let q be v(c). Let p(o) = 172*o**2 - 117*o**2 - o - o**3 - 54*o**2 + 2. Determine p(q).
2
Let a(s) = 4*s**2 + s + 1. Let j(h) = -10*h - 40. Let q be j(-4). Suppose 3*k = -q*k - 69. Let l = 21 + k. Calculate a(l).
15
Let c(i) be the first derivative of 2*i**3/3 + 5*i**2/2 + 4*i + 5196. Determine c(-4).
16
Let y(j) = j**3 - 10*j**2 + 78. Suppose 2*s + 3 = -p + 10, 0 = p + 3*s - 6. What is y(p)?
-3
Let a(b) = -826 + 270 + 318 - 8*b + 302. What is a(6)?
16
Let m be (3 - 3) + 3 - 1. Let q(i) = 2*i**3 - 64*i - 4*i**2 + 4 - i**3 + 61*i + 3*i**2. Let r be q(m). Let a(b) = -b**3 + b**2 + 1. Calculate a(r).
-3
Let t(p) = p**2 - 32*p + 114. Let g be t(28). Suppose -g*h = 2*d + 8, -d + 2*d = 2*h - 10. Let f(b) = -b**2 - 11*b - 33. Give f(d).
-3
Let o(a) = a**3 + 3*a**2 + 2*a - 2. Let l be (176/(-24) - -6)*15. Let d be 1/4 + 45/l. Calculate o(d).
-2
Let v(q) = -48 - 10*q**2 - 4*q + 20*q**2 + 15 - 9*q**2 + 12*q. Determine v(7).
72
Let d be 16*(3/18)/(2/6). Suppose 3*n + d = a, a = -2*a + 3*n + 24. Let k(m) = -m**3 + 3 + 3*m - 6*m**3 + m**2 + a*m**3. What is k(-2)?
-7
Let k(n) be the second derivative of -44*n - 2*n**2 + 0 - 1/3*n**3. What is k(-4)?
4
Let l(a) = -9*a**2 - 37*a - 3. Suppose 0 = 5*p + 243 - 223. Determine l(p).
1
Let j be 12/(-18)*6/4. Let f(z) = -4*z**3 + 4*z**2 + 2*z + 2. Let g(r) = -r**3 + r**2 + r + 1. Let c(w) = j*f(w) + 3*g(w). Let x = -120 - -119. Calculate c(x).
-2
Let k(t) = t + 7. Let b be 8/10*(-75)/(-30). Let d(x) = 3 - 13 + 4 - b*x**2 - 7*x. Let c be d(-4). Calculate k(c).
-3
Let d(p) = -102*p**3 - 3*p**2 - 12*p + 47*p**3 + 13*p**2 + 54*p**3 + 24. Determine d(9).
-3
Let y = -369 - -372. Suppose -3*u - 12 = -2*w - 19, 4*w - y*u + 23 = 0. Let f(j) = -j - 3. Determine f(w).
5
Suppose 664 + 92 = -108*f. Let o(g) = 11*g + 83. Calculate o(f).
6
Let k(v) = 44 - 24*v - 22 - 120 - v**2 - 90 - 13*v. What is k(-31)?
-2
Suppose -5*q + 1300 = -3*d, 9*d - q + 1756 = 5*d. Let s = -429 - d. Let a(m) = -m**2 + 12*m - 2. What is a(s)?
9
Let i(p) = -p**3 + 6*p**2 - p + 1. Let o = 2619 + -1689. Suppose 923*y = o*y - 42. Calculate i(y).
-5
Suppose -52*t - 1569 = 183*t + 76. Let v(n) = -4*n**2 - 22*n + 7. Give v(t).
-35
Suppose -4*o = -5*x + 97, -8*x = -5*x + 2*o - 45. Let b(j) = -j - 10. Let q(z) = 3*z + 27. 